31695*h + 95120. Determine d(3).
-199
Let o(u) = 24814*u - 148888. Determine o(6).
-4
Let r(k) = -196*k**2 + 8996*k - 7940. Calculate r(45).
-20
Let n(p) = -4*p**2 + 3153*p - 239101. What is n(85)?
4
Let t(i) = -4*i**3 - 12*i**2 + 7*i + 43. Give t(-9).
1924
Let y(r) = -12000*r + 2735977. Determine y(228).
-23
Let l(s) = 16*s**2 - 71*s - 1219. Give l(-7).
62
Let u(o) = -8*o**3 + 3*o**2 + o - 53. Determine u(-5).
1017
Let l(y) = -3562*y - 516572. Calculate l(-145).
-82
Let q(i) = -961*i - 24010. What is q(-25)?
15
Let j(g) = g**3 + 242*g**2 - 88*g + 97452. Determine j(-244).
-148
Let i(r) = -r**2 + 49*r + 43227. What is i(-185)?
-63
Let y(w) = 219*w + 10844. Determine y(-49).
113
Let r(b) = -b**3 + 270*b**2 + 813*b + 1900. What is r(273)?
262
Let q(a) = -2*a**3 + 37*a**2 - 30*a - 61. Calculate q(16).
739
Let h(m) = 205697*m + 10901916. Give h(-53).
-25
Let c(k) = 27*k**2 + 2188*k - 57854. Give c(21).
1
Let h(o) = -o**2 - 306*o + 128691. Determine h(-543).
0
Let s(b) = 3*b**2 - 34*b - 3411. Determine s(-29).
98
Let x(b) = 1479*b - 2356. Calculate x(4).
3560
Let k(m) = -581414*m - 3488485. Give k(-6).
-1
Let h(a) = a**3 - 236*a**2 - 2442*a + 149. Calculate h(-10).
-31
Let c(x) = 4*x - 1485. Calculate c(148).
-893
Let v(y) = -8946*y + 80297. Determine v(9).
-217
Let u(n) = n**2 - 801*n + 99753. Give u(154).
115
Let d(j) = 335*j - 66994. Give d(200).
6
Let g(u) = -11529*u**2 - 1037606*u + 349. Give g(-90).
-11
Let s(n) = -n**3 + 30*n**2 - 53*n + 2663. Determine s(31).
59
Let j(o) = 325*o**2 + 7120*o - 600. Determine j(-22).
60
Let s(q) = 13714*q + 10079822. Determine s(-735).
32
Let k(g) = -276*g**3 + 1103*g**2 - 2*g + 30. What is k(4)?
6
Let i(o) = -31*o + 1024. Give i(15).
559
Let t(m) = m**3 + 63*m**2 - 49*m + 240. Give t(-64).
-720
Let y(r) = -297*r**2 + 819*r + 26. Calculate y(3).
-190
Let o(n) = 16*n**2 - 190*n - 541. Determine o(-4).
475
Let k(c) = -c**2 - 14150*c - 15. Calculate k(0).
-15
Let l(f) = -61*f**2 + 1685*f + 2436. What is l(29)?
0
Let l(j) = j**2 - 4243*j + 762356. Give l(188).
16
Let s(p) = 5*p**2 + 55*p - 1636. Calculate s(-25).
114
Let m(t) = -12133*t - 60692. What is m(-5)?
-27
Let n(y) = -3*y**3 - 42*y**2 + 14*y + 129. What is n(-14)?
-67
Let s(p) = 335*p + 4428. What is s(-14)?
-262
Let g(p) = 41506*p - 290548. What is g(7)?
-6
Let p(u) = -289*u + 5272. What is p(24)?
-1664
Let r(x) = -2*x**3 - 7*x**2 + 246*x + 196. Determine r(-13).
209
Let x(l) = -l**2 - 1470*l - 8775. Calculate x(-6).
9
Let o(h) = -2*h**2 - 4065*h - 68855. Calculate o(-17).
-328
Let k(z) = -23*z**2 + 3*z + 105. Determine k(8).
-1343
Let b(f) = 12124*f + 885099. Calculate b(-73).
47
Let z(x) = -2*x**3 + 66*x**2 - 8*x - 12. Give z(33).
-276
Let k(w) = 36996*w - 406980. What is k(11)?
-24
Let o(p) = 97*p**2 + 5240*p + 97. What is o(-54)?
-11
Let a(t) = -49*t**3 - 299*t**2 - 10*t + 3. Give a(-6).
-117
Let y(f) = 14*f**2 - 12*f - 366. Determine y(7).
236
Let x(b) = b**3 + 29*b**2 + 71*b + 4130. Give x(-30).
1100
Let a(v) = 615*v - 16784. Give a(29).
1051
Let t(s) = s**3 - 20*s**2 - 263*s - 381. What is t(-11)?
-1239
Let f(m) = 614*m - 222916. Determine f(363).
-34
Let y(b) = -2*b**2 + 963*b - 24516. Determine y(27).
27
Let h(p) = -p**2 - 219370*p - 5702959. Determine h(-26).
-15
Let m(r) = 3*r**3 + 8*r**2 - 115*r - 324. Calculate m(-3).
12
Let c(h) = h**3 + 6*h**2 - 26*h + 236. Determine c(-15).
-1399
Let m(d) = 14*d**2 - 1328*d - 1574. Calculate m(96).
-38
Let t(n) = -8*n**2 + 224*n - 193. Determine t(26).
223
Let o(u) = 221*u**2 + 7646*u + 11692. Give o(-33).
43
Let x(z) = 1688*z + 1689. What is x(-1)?
1
Let i(z) = 5*z**3 + 35*z**2 + 1161*z + 8176. Calculate i(-7).
49
Let r(v) = -2394*v + 150911. What is r(63)?
89
Let w(h) = 3*h**3 - 100*h**2 + 110*h + 81. What is w(32)?
-495
Let p(h) = h**3 - 40*h**2 + 133*h + 372. Give p(36).
-24
Let l(b) = -b**3 - 7*b**2 - 75*b + 991. Calculate l(9).
-980
Let h(p) = 3*p**3 + 723*p**2 - 2195*p + 239. Determine h(-244).
-5
Let n(i) = -2434*i - 17050. Calculate n(-7).
-12
Let x(z) = 3188*z + 191304. What is x(-60)?
24
Let i(l) = -2813*l + 168767. Calculate i(60).
-13
Let s(a) = -2*a**2 + 239217*a - 21035608. What is s(88)?
0
Let h(i) = 35*i**2 + 1990*i - 6551. Calculate h(-60).
49
Let z(g) = -6*g**3 + 14*g**2 - 5*g - 1. What is z(3)?
-52
Let a(k) = -k**3 + 427*k**2 + 13705*k - 66. What is a(-30)?
84
Let h(c) = -2212*c - 66497. Give h(-30).
-137
Let h(s) = 324*s + 36089. Calculate h(-112).
-199
Let k(t) = -t**3 + t**2 - 764*t - 4682. Calculate k(-6).
154
Let p(l) = -365*l - 22669. Give p(-62).
-39
Let n(p) = -12*p**3 + 122*p - 773. Give n(6).
-2633
Let i(g) = -46*g**2 - 3233*g + 556. Calculate i(-71).
-1787
Let d(v) = -4999*v - 96332. Calculate d(-19).
-1351
Let b(h) = -66*h**3 + 85*h**2 + 78*h - 6. Calculate b(-1).
67
Let d(i) = -52919*i + 3968918. What is d(75)?
-7
Let p(h) = -22*h**2 - 656*h - 3512. What is p(-7)?
2
Let n(t) = 2*t**3 - 1319*t**2 + 8484*t + 3279. Determine n(653).
14
Let m(c) = 584*c + 40289. Determine m(-69).
-7
Let f(u) = 2*u**3 + 251*u**2 + 1111*u + 2654. Calculate f(-121).
-8
Let y(r) = -131*r + 1361. Determine y(8).
313
Let k(q) = -q**3 - 60*q**2 + 859*q + 1180. Determine k(13).
10
Let m(d) = -36*d**2 - 74*d - 343. Determine m(-4).
-623
Let r(o) = o**3 - 52*o**2 - 46*o + 1707. Calculate r(52).
-685
Let k(z) = -3*z**2 + 580*z - 239. What is k(0)?
-239
Let p(r) = 4*r**3 - 761*r**2 + 191*r - 166. Calculate p(190).
24
Let i(p) = -4*p**3 + 109*p**2 + 498*p - 2. Calculate i(-4).
6
Let o(h) = h**3 - 503*h**2 - 62*h + 283050. Give o(502).
-78
Let z(g) = -10*g**2 + 271*g - 1639. What is z(17)?
78
Let z(t) = -21*t**3 - 2*t**2 + 216*t + 845. Give z(-4).
1293
Let b(q) = -20633*q + 122090. Calculate b(6).
-1708
Let q(n) = 2*n**2 - 7818*n + 46851. Calculate q(6).
15
Let o(m) = -23*m**2 - 334*m + 57. Calculate o(-18).
-1383
Let l(q) = -q**3 + 19*q**2 - 21*q - 876. Give l(12).
-120
Let y(j) = -9140*j - 55027. Give y(-6).
-187
Let a(u) = -3*u**3 - 9*u**2 + 23*u + 202. What is a(-8)?
978
Let j(z) = 34*z**2 + 46299*z - 46298. Determine j(1).
35
Let v(o) = 7388*o + 36816. Determine v(-5).
-124
Let j(a) = -2*a**3 + 43*a**2 - 26*a + 103. Give j(20).
783
Let d(v) = -v**3 - 23*v**2 + 7266*v - 8230. Calculate d(-98).
2
Let x(c) = 88*c**3 - 84*c**2 - 59*c + 57. Calculate x(1).
2
Let k(p) = -2*p**3 - 174*p**2 - 280*p + 5075. Determine k(-85).
-25
Let p(d) = -202*d**2 - 9700*d - 183. Calculate p(-48).
9
Let v(f) = 6*f**3 + 53*f**2 - 58*f - 472. Determine v(-9).
-31
Let a(b) = -1462*b - 77515. Give a(-53).
-29
Let u(j) = 11*j**3 - 110*j**2 + 100*j - 979. What is u(10)?
21
Let r(a) = 62*a - 6286. Give r(94).
-458
Let k(q) = -2*q**2 - 11959*q - 2622684. Determine k(-228).
0
Let o(u) = 744*u - 8268. Determine o(11).
-84
Let n(v) = -949*v - 29675. Give n(-31).
-256
Let w(r) = -58992*r - 767045. Give w(-13).
-149
Let o(s) = 8003*s + 4681755. Determine o(-585).
0
Let u(k) = 4*k**3 - 74*k**2 + 129*k + 2209. Calculate u(11).
-2
Let q(b) = 186*b**2 - 101371*b + 546. Give q(545).
1
Let q(i) = -i**3 - 13*i**2 + 1262*i + 23759. Give q(-23).
23
Let x(y) = 11*y**2 + 86*y - 48. What is x(-14)?
904
Let a(f) = -1350*f + 531774. Determine a(394).
-126
Let r(f) = f**3 - 25*f**2 - 174*f + 87. Determine r(-12).
-3153
Let s(h) = 2*h**3 - 17*h**2 + 20*h - 71. Calculate s(8).
25
Let v(c) = -c**2 + 319*c + 15530. What is v(-43)?
-36
Let q(n) = -6*n**2 + 2381*n - 40568. Determine q(379).
-15
Let y(c) = -c**3 + 126*c**2 + 380*c + 856. What is y(129)?
-47
Let t(o) = -214982*o + 5804511. Determine t(27).
-3
Let w(l) = -1215*l + 123373. Determine w(101).
658
Let j(o) = o**2 + 11*o - 2423. What is j(-55)?
-3
Let k(w) = -w**3 - 19*w**2 - 26*w + 267. Give k(-16).
-85
Let w(z) = -2*z**3 - 7*z**2 - 50*z + 366. Calculate w(0).
366
Let u(j) = 292*j + 58690. Determine u(-199).
582
Let x(k) = -30*k**3 + 1340*k**2 + 5831*k + 10. Calculate x(-4).
46
Let u(q) = 4*q**2 + 85*q - 3556. Calculate u(21).
-7
Let u(p) = p**3 - 276*p**2 + 5124*p - 66. Give u(20).
14
Let m(v) = 362*v - 889. What is m(2)?
-165
Let z(d) = -2*d**3 - 216*d**2 + 4809*d + 329. Calculate z(19).
6
Let z(f) = 4*f**2 + 213*f - 3441. Determine z(16).
991
Let i(s) = 24*s**2 + 22*s + 106. Calculate i(-11).
2768
Let c(k) = 774*k**2 + 32*k - 65. Give c(2).
3095
Let d(y) = -y**2 + 25042*y + 75142. What is d(